{"id":2627,"date":"2025-02-20T13:14:14","date_gmt":"2025-02-20T10:14:14","guid":{"rendered":"https:\/\/www.saricakaya.bel.tr\/?page_id=2627"},"modified":"2025-02-20T13:14:14","modified_gmt":"2025-02-20T10:14:14","slug":"guneykoy-mahallesi","status":"publish","type":"page","link":"https:\/\/www.saricakaya.bel.tr\/?page_id=2627","title":{"rendered":"G\u00fcneyk\u00f6y Mahallesi"},"content":{"rendered":"<p><strong>\u0130l\u00e7e merkezimize 20 km uzakl\u0131kta bulunan Mahallemiz Beyyayla Mahallemiz gibi karasal iklim \u00f6zellikleri ta\u015f\u0131maktad\u0131r. Mahallemizin giri\u015finde s\u0131k ormanl\u0131k alan g\u00f6r\u00fcnt\u00fcs\u00fc ile do\u011faseverleri cezbetmektedir. Mahallenin temel ge\u00e7im kayna\u011f\u0131 hayvanc\u0131l\u0131kt\u0131r.\u00a0<\/strong><\/p>\n<p>Mahalle N\u00fcfusu: 123<br \/>\nMuhtar: \u0130brahim Metin<\/p>\n","protected":false},"excerpt":{"rendered":"<p>\u0130l\u00e7e merkezimize 20 km uzakl\u0131kta bulunan Mahallemiz Beyyayla Mahallemiz gibi karasal iklim \u00f6zellikleri ta\u015f\u0131maktad\u0131r. Mahallemizin giri\u015finde s\u0131k ormanl\u0131k alan g\u00f6r\u00fcnt\u00fcs\u00fc ile do\u011faseverleri cezbetmektedir. Mahallenin temel ge\u00e7im kayna\u011f\u0131 hayvanc\u0131l\u0131kt\u0131r.\u00a0 Mahalle N\u00fcfusu: 123 Muhtar: \u0130brahim Metin<\/p>\n","protected":false},"author":1,"featured_media":0,"parent":0,"menu_order":0,"comment_status":"closed","ping_status":"closed","template":"","meta":{"footnotes":""},"class_list":["post-2627","page","type-page","status-publish","hentry"],"magazineBlocksPostFeaturedMedia":{"thumbnail":false,"medium":false,"medium_large":false,"large":false,"1536x1536":false,"2048x2048":false},"magazineBlocksPostAuthor":{"name":"saricakaya_basin","avatar":"https:\/\/secure.gravatar.com\/avatar\/f477459666d29c7d055fb47d561b67468c119cc769b9f5b294636e811d1a576c?s=96&d=mm&r=g"},"magazineBlocksPostCommentsNumber":false,"magazineBlocksPostExcerpt":"\u0130l\u00e7e merkezimize 20 km uzakl\u0131kta bulunan Mahallemiz Beyyayla Mahallemiz gibi karasal iklim \u00f6zellikleri ta\u015f\u0131maktad\u0131r. Mahallemizin giri\u015finde s\u0131k ormanl\u0131k alan g\u00f6r\u00fcnt\u00fcs\u00fc ile do\u011faseverleri cezbetmektedir. Mahallenin temel ge\u00e7im kayna\u011f\u0131 hayvanc\u0131l\u0131kt\u0131r.\u00a0 Mahalle N\u00fcfusu: 123 Muhtar: \u0130brahim Metin","magazineBlocksPostCategories":[],"magazineBlocksPostViewCount":0,"magazineBlocksPostReadTime":1,"_links":{"self":[{"href":"https:\/\/www.saricakaya.bel.tr\/index.php?rest_route=\/wp\/v2\/pages\/2627","targetHints":{"allow":["GET"]}}],"collection":[{"href":"https:\/\/www.saricakaya.bel.tr\/index.php?rest_route=\/wp\/v2\/pages"}],"about":[{"href":"https:\/\/www.saricakaya.bel.tr\/index.php?rest_route=\/wp\/v2\/types\/page"}],"author":[{"embeddable":true,"href":"https:\/\/www.saricakaya.bel.tr\/index.php?rest_route=\/wp\/v2\/users\/1"}],"replies":[{"embeddable":true,"href":"https:\/\/www.saricakaya.bel.tr\/index.php?rest_route=%2Fwp%2Fv2%2Fcomments&post=2627"}],"version-history":[{"count":1,"href":"https:\/\/www.saricakaya.bel.tr\/index.php?rest_route=\/wp\/v2\/pages\/2627\/revisions"}],"predecessor-version":[{"id":2628,"href":"https:\/\/www.saricakaya.bel.tr\/index.php?rest_route=\/wp\/v2\/pages\/2627\/revisions\/2628"}],"wp:attachment":[{"href":"https:\/\/www.saricakaya.bel.tr\/index.php?rest_route=%2Fwp%2Fv2%2Fmedia&parent=2627"}],"curies":[{"name":"wp","href":"https:\/\/api.w.org\/{rel}","templated":true}]}}