{"id":2604,"date":"2025-02-20T12:05:10","date_gmt":"2025-02-20T09:05:10","guid":{"rendered":"https:\/\/www.saricakaya.bel.tr\/?page_id=2604"},"modified":"2025-02-20T12:05:10","modified_gmt":"2025-02-20T09:05:10","slug":"duzkoy-mahallesi","status":"publish","type":"page","link":"https:\/\/www.saricakaya.bel.tr\/?page_id=2604","title":{"rendered":"D\u00fczk\u00f6y Mahallesi"},"content":{"rendered":"<p><strong>Merkeze 25 km mesafede yer almakta olan Mahallemizin kurulu\u015fu tam olarak bilinmemekle beraber 250-300 y\u0131l \u00f6ncesine dayand\u0131\u011f\u0131 tahmin edilmektedir. Yani 1700 l\u00fc y\u0131llarda kurulmu\u015f bir k\u00f6yd\u00fcr. D\u00fczk\u00f6y&#8217;\u00fcn ad\u0131 ise bulundu\u011fu tepenin d\u00fczl\u00fc\u011f\u00fcnden gelmektedir. Tar\u0131m ve serac\u0131l\u0131k faaliyetleri de yo\u011fun bir \u015fekilde ger\u00e7ekle\u015fmektedir.\u00a0<\/strong><\/p>\n<p>Mahalle N\u00fcfusu: 484<br \/>\nMuhtar: Dilek Tuncer<\/p>\n","protected":false},"excerpt":{"rendered":"<p>Merkeze 25 km mesafede yer almakta olan Mahallemizin kurulu\u015fu tam olarak bilinmemekle beraber 250-300 y\u0131l \u00f6ncesine dayand\u0131\u011f\u0131 tahmin edilmektedir. Yani 1700 l\u00fc y\u0131llarda kurulmu\u015f bir k\u00f6yd\u00fcr. D\u00fczk\u00f6y&#8217;\u00fcn ad\u0131 ise bulundu\u011fu tepenin d\u00fczl\u00fc\u011f\u00fcnden gelmektedir. Tar\u0131m ve serac\u0131l\u0131k faaliyetleri de yo\u011fun bir \u015fekilde ger\u00e7ekle\u015fmektedir.\u00a0 Mahalle N\u00fcfusu: 484 Muhtar: Dilek Tuncer<\/p>\n","protected":false},"author":1,"featured_media":0,"parent":0,"menu_order":0,"comment_status":"closed","ping_status":"closed","template":"","meta":{"footnotes":""},"class_list":["post-2604","page","type-page","status-publish","hentry"],"magazineBlocksPostFeaturedMedia":{"thumbnail":false,"medium":false,"medium_large":false,"large":false,"1536x1536":false,"2048x2048":false},"magazineBlocksPostAuthor":{"name":"saricakaya_basin","avatar":"https:\/\/secure.gravatar.com\/avatar\/f477459666d29c7d055fb47d561b67468c119cc769b9f5b294636e811d1a576c?s=96&d=mm&r=g"},"magazineBlocksPostCommentsNumber":false,"magazineBlocksPostExcerpt":"Merkeze 25 km mesafede yer almakta olan Mahallemizin kurulu\u015fu tam olarak bilinmemekle beraber 250-300 y\u0131l \u00f6ncesine dayand\u0131\u011f\u0131 tahmin edilmektedir. Yani 1700 l\u00fc y\u0131llarda kurulmu\u015f bir k\u00f6yd\u00fcr. D\u00fczk\u00f6y&#8217;\u00fcn ad\u0131 ise bulundu\u011fu tepenin d\u00fczl\u00fc\u011f\u00fcnden gelmektedir. Tar\u0131m ve serac\u0131l\u0131k faaliyetleri de yo\u011fun bir \u015fekilde ger\u00e7ekle\u015fmektedir.\u00a0 Mahalle N\u00fcfusu: 484 Muhtar: Dilek Tuncer","magazineBlocksPostCategories":[],"magazineBlocksPostViewCount":0,"magazineBlocksPostReadTime":1,"_links":{"self":[{"href":"https:\/\/www.saricakaya.bel.tr\/index.php?rest_route=\/wp\/v2\/pages\/2604","targetHints":{"allow":["GET"]}}],"collection":[{"href":"https:\/\/www.saricakaya.bel.tr\/index.php?rest_route=\/wp\/v2\/pages"}],"about":[{"href":"https:\/\/www.saricakaya.bel.tr\/index.php?rest_route=\/wp\/v2\/types\/page"}],"author":[{"embeddable":true,"href":"https:\/\/www.saricakaya.bel.tr\/index.php?rest_route=\/wp\/v2\/users\/1"}],"replies":[{"embeddable":true,"href":"https:\/\/www.saricakaya.bel.tr\/index.php?rest_route=%2Fwp%2Fv2%2Fcomments&post=2604"}],"version-history":[{"count":1,"href":"https:\/\/www.saricakaya.bel.tr\/index.php?rest_route=\/wp\/v2\/pages\/2604\/revisions"}],"predecessor-version":[{"id":2605,"href":"https:\/\/www.saricakaya.bel.tr\/index.php?rest_route=\/wp\/v2\/pages\/2604\/revisions\/2605"}],"wp:attachment":[{"href":"https:\/\/www.saricakaya.bel.tr\/index.php?rest_route=%2Fwp%2Fv2%2Fmedia&parent=2604"}],"curies":[{"name":"wp","href":"https:\/\/api.w.org\/{rel}","templated":true}]}}