{"id":2572,"date":"2025-02-20T11:25:58","date_gmt":"2025-02-20T08:25:58","guid":{"rendered":"https:\/\/www.saricakaya.bel.tr\/?page_id=2572"},"modified":"2025-02-20T11:25:58","modified_gmt":"2025-02-20T08:25:58","slug":"sarikaya","status":"publish","type":"page","link":"https:\/\/www.saricakaya.bel.tr\/?page_id=2572","title":{"rendered":"Sar\u0131kaya"},"content":{"rendered":"<p>Merkez Mahallemizdir<br \/>\nMahalle N\u00fcfusu: 539<br \/>\nMuhtar: Abdullah Akar<\/p>\n<p>Tan\u0131t\u0131m Klibi<\/p>\n<p><iframe loading=\"lazy\" title=\"Sar\u0131kaya\" width=\"500\" height=\"281\" src=\"https:\/\/www.youtube.com\/embed\/M_NLPJwoKlA?feature=oembed\" frameborder=\"0\" allow=\"accelerometer; autoplay; clipboard-write; encrypted-media; gyroscope; picture-in-picture; web-share\" referrerpolicy=\"strict-origin-when-cross-origin\" allowfullscreen><\/iframe><\/p>\n<p>&nbsp;<\/p>\n","protected":false},"excerpt":{"rendered":"<p>Merkez Mahallemizdir Mahalle N\u00fcfusu: 539 Muhtar: Abdullah Akar Tan\u0131t\u0131m Klibi &nbsp;<\/p>\n","protected":false},"author":1,"featured_media":0,"parent":0,"menu_order":0,"comment_status":"closed","ping_status":"closed","template":"","meta":{"footnotes":""},"class_list":["post-2572","page","type-page","status-publish","hentry"],"magazineBlocksPostFeaturedMedia":{"thumbnail":false,"medium":false,"medium_large":false,"large":false,"1536x1536":false,"2048x2048":false},"magazineBlocksPostAuthor":{"name":"saricakaya_basin","avatar":"https:\/\/secure.gravatar.com\/avatar\/f477459666d29c7d055fb47d561b67468c119cc769b9f5b294636e811d1a576c?s=96&d=mm&r=g"},"magazineBlocksPostCommentsNumber":false,"magazineBlocksPostExcerpt":"Merkez Mahallemizdir Mahalle N\u00fcfusu: 539 Muhtar: Abdullah Akar Tan\u0131t\u0131m Klibi &nbsp;","magazineBlocksPostCategories":[],"magazineBlocksPostViewCount":0,"magazineBlocksPostReadTime":1,"_links":{"self":[{"href":"https:\/\/www.saricakaya.bel.tr\/index.php?rest_route=\/wp\/v2\/pages\/2572","targetHints":{"allow":["GET"]}}],"collection":[{"href":"https:\/\/www.saricakaya.bel.tr\/index.php?rest_route=\/wp\/v2\/pages"}],"about":[{"href":"https:\/\/www.saricakaya.bel.tr\/index.php?rest_route=\/wp\/v2\/types\/page"}],"author":[{"embeddable":true,"href":"https:\/\/www.saricakaya.bel.tr\/index.php?rest_route=\/wp\/v2\/users\/1"}],"replies":[{"embeddable":true,"href":"https:\/\/www.saricakaya.bel.tr\/index.php?rest_route=%2Fwp%2Fv2%2Fcomments&post=2572"}],"version-history":[{"count":1,"href":"https:\/\/www.saricakaya.bel.tr\/index.php?rest_route=\/wp\/v2\/pages\/2572\/revisions"}],"predecessor-version":[{"id":2573,"href":"https:\/\/www.saricakaya.bel.tr\/index.php?rest_route=\/wp\/v2\/pages\/2572\/revisions\/2573"}],"wp:attachment":[{"href":"https:\/\/www.saricakaya.bel.tr\/index.php?rest_route=%2Fwp%2Fv2%2Fmedia&parent=2572"}],"curies":[{"name":"wp","href":"https:\/\/api.w.org\/{rel}","templated":true}]}}