{"id":2400,"date":"2025-02-12T12:53:31","date_gmt":"2025-02-12T09:53:31","guid":{"rendered":"https:\/\/www.saricakaya.bel.tr\/?page_id=2400"},"modified":"2025-02-20T16:17:42","modified_gmt":"2025-02-20T13:17:42","slug":"iletisim","status":"publish","type":"page","link":"https:\/\/www.saricakaya.bel.tr\/?page_id=2400","title":{"rendered":"\u0130leti\u015fim"},"content":{"rendered":"<p style=\"text-align: left;\"><strong>Yeni Mahalle H\u00fcrriyet Caddesi No: 96 Eski\u015fehir<\/strong><\/p>\r\n<p style=\"text-align: left;\"><strong>Tel: +90 222 661 21 48<\/strong><\/p>\r\n\r\n<ul>\r\n \t<li style=\"text-align: left;\"><strong>Mail: saricakaya@saricakaya.bel.tr\r\n\r\nDahili Numaralar\u0131m\u0131z\r\n\r\n<\/strong><\/li>\r\n \t<li style=\"text-align: left;\"><strong>Santral: 24<\/strong><\/li>\r\n \t<li style=\"text-align: left;\"><strong>Mali Hizmetler: 13<\/strong><\/li>\r\n \t<li style=\"text-align: left;\"><strong>Yaz\u0131 \u0130\u015fleri: 12<\/strong><\/li>\r\n \t<li style=\"text-align: left;\"><strong>Tahsilat: 18<\/strong><\/li>\r\n \t<li style=\"text-align: left;\"><strong>Fen \u0130\u015fleri: 20<\/strong><\/li>\r\n \t<li style=\"text-align: left;\"><strong>Muhasebe: 14\/15<\/strong><\/li>\r\n \t<li style=\"text-align: left;\"><strong>Bas\u0131n Medya: 22<\/strong><\/li>\r\n \t<li style=\"text-align: left;\"><strong>Nikah \u0130\u015flemleri: 19<\/strong><\/li>\r\n \t<li style=\"text-align: left;\"><strong>Zab\u0131ta: 17\u00a0<\/strong><\/li>\r\n<\/ul>\r\n&nbsp;\r\n\r\n<code><iframe loading=\"lazy\" style=\"border: 0;\" src=\"https:\/\/www.google.com\/maps\/embed?pb=!1m18!1m12!1m3!1d3054.699430639555!2d30.619453674823255!3d40.03748967863584!2m3!1f0!2f0!3f0!3m2!1i1024!2i768!4f13.1!3m3!1m2!1s0x14cc5bf8398e41c3%3A0xa954f91bf5e2255e!2zU0FSSUNBS0FZQSBCRUxFRMSwWUUgQkHFnktBTkxJxJ5J!5e0!3m2!1str!2str!4v1739357784087!5m2!1str!2str\" width=\"600\" height=\"450\" allowfullscreen=\"allowfullscreen\"><\/iframe>\u00a0<\/code>","protected":false},"excerpt":{"rendered":"<p>Yeni Mahalle H\u00fcrriyet Caddesi No: 96 Eski\u015fehir Tel: +90 222 661 21 48 Mail: saricakaya@saricakaya.bel.tr Dahili Numaralar\u0131m\u0131z Santral: 24 Mali Hizmetler: 13 Yaz\u0131 \u0130\u015fleri: 12 Tahsilat: 18 Fen \u0130\u015fleri: 20 Muhasebe: 14\/15 Bas\u0131n Medya: 22 Nikah \u0130\u015flemleri: 19 Zab\u0131ta: 17\u00a0 &nbsp; \u00a0<\/p>\n","protected":false},"author":1,"featured_media":0,"parent":0,"menu_order":0,"comment_status":"closed","ping_status":"closed","template":"page-templates\/full-width-page.php","meta":{"footnotes":""},"class_list":["post-2400","page","type-page","status-publish","hentry"],"magazineBlocksPostFeaturedMedia":{"thumbnail":false,"medium":false,"medium_large":false,"large":false,"1536x1536":false,"2048x2048":false},"magazineBlocksPostAuthor":{"name":"saricakaya_basin","avatar":"https:\/\/secure.gravatar.com\/avatar\/f477459666d29c7d055fb47d561b67468c119cc769b9f5b294636e811d1a576c?s=96&d=mm&r=g"},"magazineBlocksPostCommentsNumber":false,"magazineBlocksPostExcerpt":"Yeni Mahalle H\u00fcrriyet Caddesi No: 96 Eski\u015fehir Tel: +90 222 661 21 48 Mail: saricakaya@saricakaya.bel.tr Dahili Numaralar\u0131m\u0131z Santral: 24 Mali Hizmetler: 13 Yaz\u0131 \u0130\u015fleri: 12 Tahsilat: 18 Fen \u0130\u015fleri: 20 Muhasebe: 14\/15 Bas\u0131n Medya: 22 Nikah \u0130\u015flemleri: 19 Zab\u0131ta: 17\u00a0 &nbsp; \u00a0","magazineBlocksPostCategories":[],"magazineBlocksPostViewCount":0,"magazineBlocksPostReadTime":1,"_links":{"self":[{"href":"https:\/\/www.saricakaya.bel.tr\/index.php?rest_route=\/wp\/v2\/pages\/2400","targetHints":{"allow":["GET"]}}],"collection":[{"href":"https:\/\/www.saricakaya.bel.tr\/index.php?rest_route=\/wp\/v2\/pages"}],"about":[{"href":"https:\/\/www.saricakaya.bel.tr\/index.php?rest_route=\/wp\/v2\/types\/page"}],"author":[{"embeddable":true,"href":"https:\/\/www.saricakaya.bel.tr\/index.php?rest_route=\/wp\/v2\/users\/1"}],"replies":[{"embeddable":true,"href":"https:\/\/www.saricakaya.bel.tr\/index.php?rest_route=%2Fwp%2Fv2%2Fcomments&post=2400"}],"version-history":[{"count":20,"href":"https:\/\/www.saricakaya.bel.tr\/index.php?rest_route=\/wp\/v2\/pages\/2400\/revisions"}],"predecessor-version":[{"id":2744,"href":"https:\/\/www.saricakaya.bel.tr\/index.php?rest_route=\/wp\/v2\/pages\/2400\/revisions\/2744"}],"wp:attachment":[{"href":"https:\/\/www.saricakaya.bel.tr\/index.php?rest_route=%2Fwp%2Fv2%2Fmedia&parent=2400"}],"curies":[{"name":"wp","href":"https:\/\/api.w.org\/{rel}","templated":true}]}}